{"id":159,"date":"2023-07-23T10:44:20","date_gmt":"2023-07-23T08:44:20","guid":{"rendered":"https:\/\/grundschule-warmbronn.de\/?page_id=159"},"modified":"2023-10-03T11:16:00","modified_gmt":"2023-10-03T09:16:00","slug":"barrierefreiheit","status":"publish","type":"page","link":"https:\/\/grundschule-warmbronn.de\/?page_id=159","title":{"rendered":"Barrierefreiheit"},"content":{"rendered":"\t\t<div data-elementor-type=\"wp-page\" data-elementor-id=\"159\" class=\"elementor elementor-159\">\n\t\t\t\t\t\t<section class=\"elementor-section elementor-top-section elementor-element elementor-element-5373295c elementor-section-boxed elementor-section-height-default elementor-section-height-default\" data-id=\"5373295c\" data-element_type=\"section\" data-e-type=\"section\">\n\t\t\t\t\t\t<div class=\"elementor-container elementor-column-gap-default\">\n\t\t\t\t\t<div class=\"elementor-column elementor-col-100 elementor-top-column elementor-element elementor-element-18d97bd5\" data-id=\"18d97bd5\" data-element_type=\"column\" data-e-type=\"column\">\n\t\t\t<div class=\"elementor-widget-wrap elementor-element-populated\">\n\t\t\t\t\t\t<div class=\"elementor-element elementor-element-43f6e977 elementor-widget__width-initial elementor-widget elementor-widget-text-editor\" data-id=\"43f6e977\" data-element_type=\"widget\" data-e-type=\"widget\" data-widget_type=\"text-editor.default\">\n\t\t\t\t<div class=\"elementor-widget-container\">\n\t\t\t\t\t\t\t\t\t\n<h3 class=\"wp-block-heading\"><span style=\"color: #ff0000;\"><em>Erkl\u00e4rung zur Barrierefreiheit<\/em><\/span><\/h3>\n<p><span style=\"color: #000000;\"><\/span><\/p>\n<p><span style=\"color: #000000;\">Die Grundschule Warmbronn ist bem\u00fcht, diesen Webauftritt in Einklang mit \u00a7 10 Absatz 1 des Landesbehindertengleichstellungsgesetzes (L-BGG) barrierefrei zug\u00e4nglich zu machen.<\/span><\/p>\n<p><span style=\"color: #000000;\"><\/span><\/p>\n<p><span style=\"color: #000000;\">Diese Erkl\u00e4rung zur Barrierefreiheit gilt f\u00fcr die Website www.grundschule-warmbronn.de<\/span><\/p>\n<p><span style=\"color: #000000;\"><strong><em>Stand der Vereinbarkeit mit den Anforderungen<\/em><\/strong><\/span><\/p>\n<p><span style=\"color: #000000;\"><\/span><span style=\"color: #000000;\"><\/span><\/p>\n<p><span style=\"color: #000000;\">Diese Webseite ist wegen der folgenden Unvereinbarkeiten teilweise mit \u00a7 10 Absatz 1 L-BGG vereinbar.<\/span><\/p>\n<p><strong><span style=\"color: #000000;\">Nicht barrierefreie Inhalte<\/span><br \/><\/strong><span style=\"color: #000000;\">Die nachstehend aufgef\u00fchrten Inhalte sind aus den folgenden Gr\u00fcnden nicht barrierefrei:<br \/><\/span><\/p>\n<p><span style=\"color: #000000;\">&#8211; Es sind keine Erl\u00e4uterungen in Deutscher\u00a0 Geb\u00e4rdensprache vorhanden.<br \/><\/span><span style=\"color: #000000;\">&#8211; Es sind keine Erl\u00e4uterungen in Leichter Sprache vorhanden.<\/span><\/p>\n<p><span style=\"color: #000000;\"><\/span><\/p>\n<p><span style=\"color: #000000;\"><\/span><\/p>\n<p><span style=\"color: #000000;\"><\/span><\/p>\n<p><span style=\"color: #000000;\"><\/span><\/p>\n<p><span style=\"color: #000000;\"><\/span><\/p>\n<p><span style=\"color: #000000;\">Wir werden die Erl\u00e4uterungen in Leichter Sprache und Deutscher Geb\u00e4rdensprache so schnell wie m\u00f6glich zur Verf\u00fcgung stellen.<\/span><\/p>\n<p><span style=\"color: #000000;\"><\/span><\/p>\n<p><span style=\"color: #000000;\"><strong>Erstellung dieser Erkl\u00e4rung zur Barrierefreiheit<\/strong><\/span><\/p>\n<p><span style=\"color: #000000;\"><\/span><\/p>\n<p><span style=\"color: #000000;\">Die Erkl\u00e4rung wurde zuletzt am 14.05.2023 \u00fcberpr\u00fcft.<\/span><\/p>\n<p><span style=\"color: #000000;\"><\/span><\/p>\n<p><span style=\"color: #000000;\">Die Aussagen bez\u00fcglich der Vereinbarkeit mit den Anforderungen der Barrierefreiheit in dieser Erkl\u00e4rung beruhen auf einer Selbstbewertung.<\/span><\/p>\n<p><span style=\"color: #000000;\"><\/span><\/p>\n<p><span style=\"color: #000000;\"><strong>R\u00fcckmeldung und Kontaktangaben<\/strong><\/span><\/p>\n<p><span style=\"color: #000000;\"><\/span><\/p>\n<p><span style=\"color: #000000;\">Wenn Sie auf unserem Webauftritt auf Barrieren sto\u00dfen, senden Sie uns bitte eine E-Mail an folgende Adresse:<\/span><\/p>\n<p><span style=\"color: #000000;\"><\/span><\/p>\n<p><span style=\"color: #000000;\">E-Mail: <a style=\"color: #000000;\" href=\"mailto:kontakt@gs-warmbronn.bb.schule-bw.de\">kontakt@<\/a>grundschule-warmbronn<a style=\"color: #000000;\" href=\"mailto:kontakt@gs-warmbronn.bb.schule-bw.de\">.de <\/a>(Frau Wenger, Rektorin)<\/span><\/p>\n<p><span style=\"color: #000000;\"><\/span><\/p>\n<p><span style=\"color: #000000;\"><strong>Durchsetzungsverfahren<\/strong><\/span><\/p>\n<p><span style=\"color: #000000;\"><\/span><\/p>\n<p><span style=\"color: #000000;\">Um zu gew\u00e4hrleisten, dass dieser Webauftritt den in \u00a7 10 Absatz 1 L-BGG beschriebenen Anforderungen gen\u00fcgt, k\u00f6nnen Sie sich an die Grundschule Warmbronn oder den Webmaster wenden und eine entsprechende R\u00fcckmeldung geben. Die entsprechenden Kontaktdaten finden Sie unter Ziffer 4 dieser Erkl\u00e4rung.<\/span><\/p>\n<p><span style=\"color: #000000;\"><\/span><\/p>\n<p><span style=\"color: #000000;\">Falls die Grundschule Warmbronn nicht innerhalb der in \u00a7 8 Satz 1 L-BGG-DVO vorgesehenen Frist auf Ihre Anfrage antworten, k\u00f6nnen Sie sich an die Beauftragte der Landesregierung f\u00fcr die Belange von Menschen mit Behinderungen oder an den kommunalen Beauftragten f\u00fcr die Belange von Menschen mit Behinderungen im Rahmen der in \u00a7 14 Absatz 2 L-BGG und \u00a7 15 Absatz 3 Satz 2 L-BGG beschriebenen Ombudsfunktion wenden.<\/span><\/p>\n<p><span style=\"color: #000000;\"><\/span><\/p>\n<p><span style=\"color: #000000;\">Die Beauftragte der Landesregierung f\u00fcr die Belange von Menschen mit Behinderungen k\u00f6nnen Sie wie folgt erreichen:<\/span><\/p>\n<p><span style=\"color: #000000;\"><\/span><\/p>\n<p><span style=\"color: #000000;\">Landes-Behindertenbeauftragte Stephanie Aeffner<\/span><br \/><span style=\"color: #000000;\">Gesch\u00e4ftsstelle der Landes-Behindertenbeauftragten:<\/span><br \/><span style=\"color: #000000;\">Else-Josenhans-Stra\u00dfe 6<\/span><br \/><span style=\"color: #000000;\">70173 Stuttgart<\/span><br \/><span style=\"color: #000000;\">Telefon: 0711 279 3360<\/span><br \/><span style=\"color: #000000;\">E-Mail: <a style=\"color: #000000;\" href=\"mailto:Poststelle@bfbmb.bwl.de\">Poststelle@bfbmb.bwl.de<\/a><\/span><\/p>\n<p><span style=\"color: #000000;\"><\/span><\/p>\n<p><span style=\"color: #000000;\">Die Kontaktdaten der f\u00fcr Sie zust\u00e4ndigen kommunalen Beauftragten f\u00fcr die Belange von Menschen mit Behinderungen k\u00f6nnen Sie \u00fcber die Webseite des Stadt- oder Landkreises in Erfahrung bringen, in welchem Sie Ihren dauerhaften Wohnsitz haben.<\/span><\/p>\n<p><span style=\"color: #000000;\"><\/span><\/p>\n<p><span style=\"color: #000000;\">Auf die M\u00f6glichkeit des Verbandsklagerechts nach \u00a7 12 Absatz 1 Satz 1 Nummer 4 L-BGG wird hingewiesen.<\/span><\/p>\n<p><span style=\"color: #000000;\"><\/span><\/p>\n<p><span style=\"color: #000000;\">(c) Grundschule Warmbronn (2023)\u00a0 \u00a0 \u00a0 \u00a0 \u00a0<\/span><\/p>\n\t\t\t\t\t\t\t\t<\/div>\n\t\t\t\t<\/div>\n\t\t\t\t\t<\/div>\n\t\t<\/div>\n\t\t\t\t\t<\/div>\n\t\t<\/section>\n\t\t\t\t<\/div>\n\t\t","protected":false},"excerpt":{"rendered":"<p>Erkl\u00e4rung zur Barrierefreiheit Die Grundschule Warmbronn ist bem\u00fcht, diesen Webauftritt in Einklang mit \u00a7 10 Absatz 1 des Landesbehindertengleichstellungsgesetzes (L-BGG) barrierefrei zug\u00e4nglich zu machen. Diese Erkl\u00e4rung zur Barrierefreiheit gilt f\u00fcr &hellip; <a href=\"https:\/\/grundschule-warmbronn.de\/?page_id=159\" class=\"more-link\"><span class=\"screen-reader-text\">Barrierefreiheit<\/span> weiterlesen<\/a><\/p>\n","protected":false},"author":3,"featured_media":0,"parent":0,"menu_order":0,"comment_status":"closed","ping_status":"closed","template":"","meta":{"footnotes":""},"class_list":["post-159","page","type-page","status-publish","hentry"],"_links":{"self":[{"href":"https:\/\/grundschule-warmbronn.de\/index.php?rest_route=\/wp\/v2\/pages\/159","targetHints":{"allow":["GET"]}}],"collection":[{"href":"https:\/\/grundschule-warmbronn.de\/index.php?rest_route=\/wp\/v2\/pages"}],"about":[{"href":"https:\/\/grundschule-warmbronn.de\/index.php?rest_route=\/wp\/v2\/types\/page"}],"author":[{"embeddable":true,"href":"https:\/\/grundschule-warmbronn.de\/index.php?rest_route=\/wp\/v2\/users\/3"}],"replies":[{"embeddable":true,"href":"https:\/\/grundschule-warmbronn.de\/index.php?rest_route=%2Fwp%2Fv2%2Fcomments&post=159"}],"version-history":[{"count":12,"href":"https:\/\/grundschule-warmbronn.de\/index.php?rest_route=\/wp\/v2\/pages\/159\/revisions"}],"predecessor-version":[{"id":659,"href":"https:\/\/grundschule-warmbronn.de\/index.php?rest_route=\/wp\/v2\/pages\/159\/revisions\/659"}],"wp:attachment":[{"href":"https:\/\/grundschule-warmbronn.de\/index.php?rest_route=%2Fwp%2Fv2%2Fmedia&parent=159"}],"curies":[{"name":"wp","href":"https:\/\/api.w.org\/{rel}","templated":true}]}}

<div data-elementor-type="wp-page" data-elementor-id="159" class="elementor elementor-159">
						<section class="elementor-section elementor-top-section elementor-element elementor-element-5373295c elementor-section-boxed elementor-section-height-default elementor-section-height-default" data-id="5373295c" data-element_type="section" data-e-type="section">
						<div class="elementor-container elementor-column-gap-default">
					<div class="elementor-column elementor-col-100 elementor-top-column elementor-element elementor-element-18d97bd5" data-id="18d97bd5" data-element_type="column" data-e-type="column">
			<div class="elementor-widget-wrap elementor-element-populated">
						<div class="elementor-element elementor-element-43f6e977 elementor-widget__width-initial elementor-widget elementor-widget-text-editor" data-id="43f6e977" data-element_type="widget" data-e-type="widget" data-widget_type="text-editor.default">
				<div class="elementor-widget-container">
									
<h3 class="wp-block-heading"><span style="color: #ff0000;"><em>Erklärung zur Barrierefreiheit</em></span></h3>
<p><span style="color: #000000;"></span></p>
<p><span style="color: #000000;">Die Grundschule Warmbronn ist bemüht, diesen Webauftritt in Einklang mit § 10 Absatz 1 des Landesbehindertengleichstellungsgesetzes (L-BGG) barrierefrei zugänglich zu machen.</span></p>
<p><span style="color: #000000;"></span></p>
<p><span style="color: #000000;">Diese Erklärung zur Barrierefreiheit gilt für die Website www.grundschule-warmbronn.de</span></p>
<p><span style="color: #000000;"><strong><em>Stand der Vereinbarkeit mit den Anforderungen</em></strong></span></p>
<p><span style="color: #000000;"></span><span style="color: #000000;"></span></p>
<p><span style="color: #000000;">Diese Webseite ist wegen der folgenden Unvereinbarkeiten teilweise mit § 10 Absatz 1 L-BGG vereinbar.</span></p>
<p><strong><span style="color: #000000;">Nicht barrierefreie Inhalte</span><br /></strong><span style="color: #000000;">Die nachstehend aufgeführten Inhalte sind aus den folgenden Gründen nicht barrierefrei:<br /></span></p>
<p><span style="color: #000000;">&#8211; Es sind keine Erläuterungen in Deutscher  Gebärdensprache vorhanden.<br /></span><span style="color: #000000;">&#8211; Es sind keine Erläuterungen in Leichter Sprache vorhanden.</span></p>
<p><span style="color: #000000;"></span></p>
<p><span style="color: #000000;"></span></p>
<p><span style="color: #000000;"></span></p>
<p><span style="color: #000000;"></span></p>
<p><span style="color: #000000;"></span></p>
<p><span style="color: #000000;">Wir werden die Erläuterungen in Leichter Sprache und Deutscher Gebärdensprache so schnell wie möglich zur Verfügung stellen.</span></p>
<p><span style="color: #000000;"></span></p>
<p><span style="color: #000000;"><strong>Erstellung dieser Erklärung zur Barrierefreiheit</strong></span></p>
<p><span style="color: #000000;"></span></p>
<p><span style="color: #000000;">Die Erklärung wurde zuletzt am 14.05.2023 überprüft.</span></p>
<p><span style="color: #000000;"></span></p>
<p><span style="color: #000000;">Die Aussagen bezüglich der Vereinbarkeit mit den Anforderungen der Barrierefreiheit in dieser Erklärung beruhen auf einer Selbstbewertung.</span></p>
<p><span style="color: #000000;"></span></p>
<p><span style="color: #000000;"><strong>Rückmeldung und Kontaktangaben</strong></span></p>
<p><span style="color: #000000;"></span></p>
<p><span style="color: #000000;">Wenn Sie auf unserem Webauftritt auf Barrieren stoßen, senden Sie uns bitte eine E-Mail an folgende Adresse:</span></p>
<p><span style="color: #000000;"></span></p>
<p><span style="color: #000000;">E-Mail: <a style="color: #000000;" href="mailto:kontakt@gs-warmbronn.bb.schule-bw.de">kontakt@</a>grundschule-warmbronn<a style="color: #000000;" href="mailto:kontakt@gs-warmbronn.bb.schule-bw.de">.de </a>(Frau Wenger, Rektorin)</span></p>
<p><span style="color: #000000;"></span></p>
<p><span style="color: #000000;"><strong>Durchsetzungsverfahren</strong></span></p>
<p><span style="color: #000000;"></span></p>
<p><span style="color: #000000;">Um zu gewährleisten, dass dieser Webauftritt den in § 10 Absatz 1 L-BGG beschriebenen Anforderungen genügt, können Sie sich an die Grundschule Warmbronn oder den Webmaster wenden und eine entsprechende Rückmeldung geben. Die entsprechenden Kontaktdaten finden Sie unter Ziffer 4 dieser Erklärung.</span></p>
<p><span style="color: #000000;"></span></p>
<p><span style="color: #000000;">Falls die Grundschule Warmbronn nicht innerhalb der in § 8 Satz 1 L-BGG-DVO vorgesehenen Frist auf Ihre Anfrage antworten, können Sie sich an die Beauftragte der Landesregierung für die Belange von Menschen mit Behinderungen oder an den kommunalen Beauftragten für die Belange von Menschen mit Behinderungen im Rahmen der in § 14 Absatz 2 L-BGG und § 15 Absatz 3 Satz 2 L-BGG beschriebenen Ombudsfunktion wenden.</span></p>
<p><span style="color: #000000;"></span></p>
<p><span style="color: #000000;">Die Beauftragte der Landesregierung für die Belange von Menschen mit Behinderungen können Sie wie folgt erreichen:</span></p>
<p><span style="color: #000000;"></span></p>
<p><span style="color: #000000;">Landes-Behindertenbeauftragte Stephanie Aeffner</span><br /><span style="color: #000000;">Geschäftsstelle der Landes-Behindertenbeauftragten:</span><br /><span style="color: #000000;">Else-Josenhans-Straße 6</span><br /><span style="color: #000000;">70173 Stuttgart</span><br /><span style="color: #000000;">Telefon: 0711 279 3360</span><br /><span style="color: #000000;">E-Mail: <a style="color: #000000;" href="mailto:Poststelle@bfbmb.bwl.de">Poststelle@bfbmb.bwl.de</a></span></p>
<p><span style="color: #000000;"></span></p>
<p><span style="color: #000000;">Die Kontaktdaten der für Sie zuständigen kommunalen Beauftragten für die Belange von Menschen mit Behinderungen können Sie über die Webseite des Stadt- oder Landkreises in Erfahrung bringen, in welchem Sie Ihren dauerhaften Wohnsitz haben.</span></p>
<p><span style="color: #000000;"></span></p>
<p><span style="color: #000000;">Auf die Möglichkeit des Verbandsklagerechts nach § 12 Absatz 1 Satz 1 Nummer 4 L-BGG wird hingewiesen.</span></p>
<p><span style="color: #000000;"></span></p>
<p><span style="color: #000000;">(c) Grundschule Warmbronn (2023)         </span></p>
								</div>
				</div>
					</div>
		</div>
					</div>
		</section>
				</div>

<p>Erklärung zur Barrierefreiheit Die Grundschule Warmbronn ist bemüht, diesen Webauftritt in Einklang mit § 10 Absatz 1 des Landesbehindertengleichstellungsgesetzes (L-BGG) barrierefrei zugänglich zu machen. Diese Erklärung zur Barrierefreiheit gilt für &hellip; <a href="https://grundschule-warmbronn.de/?page_id=159" class="more-link"><span class="screen-reader-text">Barrierefreiheit</span> weiterlesen</a></p>
