{"id":59,"date":"2023-04-12T13:04:35","date_gmt":"2023-04-12T11:04:35","guid":{"rendered":"https:\/\/grundschule-warmbronn.de\/?page_id=59"},"modified":"2023-10-03T21:07:50","modified_gmt":"2023-10-03T19:07:50","slug":"leitbild-3","status":"publish","type":"page","link":"https:\/\/grundschule-warmbronn.de\/?page_id=59","title":{"rendered":"Das Leitbild der Grundschule Warmbronn"},"content":{"rendered":"\t\t<div data-elementor-type=\"wp-page\" data-elementor-id=\"59\" class=\"elementor elementor-59\">\n\t\t\t\t\t\t<section class=\"elementor-section elementor-top-section elementor-element elementor-element-acb5363 elementor-section-boxed elementor-section-height-default elementor-section-height-default\" data-id=\"acb5363\" data-element_type=\"section\" data-e-type=\"section\">\n\t\t\t\t\t\t<div class=\"elementor-container elementor-column-gap-default\">\n\t\t\t\t\t<div class=\"elementor-column elementor-col-100 elementor-top-column elementor-element elementor-element-548e3c38\" data-id=\"548e3c38\" data-element_type=\"column\" data-e-type=\"column\">\n\t\t\t<div class=\"elementor-widget-wrap elementor-element-populated\">\n\t\t\t\t\t\t<div class=\"elementor-element elementor-element-3dab6f7c elementor-widget elementor-widget-text-editor\" data-id=\"3dab6f7c\" data-element_type=\"widget\" data-e-type=\"widget\" data-widget_type=\"text-editor.default\">\n\t\t\t\t<div class=\"elementor-widget-container\">\n\t\t\t\t\t\t\t\t\t<p><span style=\"color: #000000;\"><\/span><\/p>\n<h3><span style=\"color: #000000;\"><span style=\"color: #ff00ff;\"><img fetchpriority=\"high\" decoding=\"async\" class=\"aligncenter wp-image-723 size-medium\" src=\"https:\/\/grundschule-warmbronn.de\/wp-content\/uploads\/2023\/10\/School-Kids-300x178.gif\" alt=\"Illustration von Kindern die sich lachend im Arm halten.\" width=\"300\" height=\"178\" \/>Schule \u2013 das hei\u00dft auch Gemeinschaft<\/span> <\/span><\/h3>\n<p><span style=\"color: #000000;\">Um auszudr\u00fccken, was wir unter dieser gelebten Gemeinschaft verstehen, gab sich die Grundschule Warmbronn das Motto:<\/span><\/p>\n<p><span style=\"color: #000000;\"><\/span><\/p>\n<h4><span style=\"color: #00ccff;\"><strong>Miteinander<\/strong> <strong>lernen <\/strong><strong>und <\/strong><strong>leben<\/strong>.<\/span><\/h4>\n<p><span style=\"color: #000000;\"><\/span><\/p>\n<p><span style=\"color: #000000;\"><span style=\"color: #00ff00;\"><strong>Miteinander<\/strong><\/span> bedeutet f\u00fcr uns dabei, <strong>gemeinsam<\/strong> Perspektiven und Ziele zu entwickeln und diese zu erreichen. Dazu ist es wichtig, in bewusster gegenseitiger Wahrnehmung\u00a0 vorhandene St\u00e4rken und Schw\u00e4chen zu erkennen. Die positiven Kr\u00e4fte jedes einzelnen k\u00f6nnen dann f\u00fcreinander eingesetzt werden, um damit \u00fcberall dort helfend und unterst\u00fctzend einzugreifen, wo Bedarf gesehen wird.<\/span><\/p>\n<p><span style=\"color: #000000;\"><\/span><\/p>\n<p><span style=\"color: #000000;\"><span style=\"color: #ffcc00;\"><strong>Miteinander<\/strong> <\/span>hei\u00dft aber auch, als Erziehungsgemeinschaft von allen Seiten offen, transparent und auf vertrauensvoller Basis in allen Anliegen im Gespr\u00e4ch zu bleiben.<\/span><\/p>\n<p><span style=\"color: #000000;\"><\/span><\/p>\n<p><span style=\"color: #000000;\"><span style=\"color: #993300;\"><strong>Lernen<\/strong><\/span> und Lehren sind Mittelpunkt des Schulalltags. Es ist uns wichtig, in den Kindern Interesse f\u00fcr die Vielfalt des Wissens zu wecken und ihre nat\u00fcrliche Neugier gegen\u00fcber allem Neuen zu erhalten. Dazu geh\u00f6rt auch das bewusste Bem\u00fchen darum, unter allen Anforderungen immer wieder neu die Freude am Lernen zu vermitteln.<\/span><\/p>\n<p><span style=\"color: #000000;\"><\/span><\/p>\n<p><span style=\"color: #000000;\">Leben an einer Schule vollzieht sich in einem gemeinsamen Auf-den-Weg-machen.<\/span><\/p>\n<p><span style=\"color: #000000;\"><\/span><\/p>\n<p><span style=\"color: #000000;\">Dies kann nur gelingen, wo ein r\u00fccksichtsvoller, fairer und freundlicher Umgang miteinander gepflegt wird. Wir legen Wert darauf, dass jeder einzelne dabei lernt, auf diesem Weg auch Verantwortung f\u00fcr die anderen, die Umwelt, sich selbst und sein Tun zu \u00fcbernehmen.<\/span><\/p>\n<p><span style=\"color: #000000;\"><\/span><\/p>\n<p><span style=\"color: #000000;\">Diese Gedanken fanden in Zusammenarbeit von Kollegium und interessierten Eltern\u00a0 folgenden Ausdruck als <span style=\"color: #008000;\"><strong>Leitbild der Schule<\/strong><\/span>:<\/span><\/p>\n<p><span style=\"color: #000000;\"><\/span><\/p>\n<p style=\"text-align: center;\"><span style=\"color: #ff6600;\">Wir<em> nehmen uns an, gehen fair und freundlich miteinander um.<\/em><\/span><\/p>\n<p style=\"text-align: center;\"><span style=\"color: #000000;\"><\/span><\/p>\n<p style=\"text-align: center;\"><span style=\"color: #ff0000;\"><em>Wir sind interessiert, neugierig und haben Freude am Lernen.<\/em><\/span><\/p>\n<p style=\"text-align: center;\"><span style=\"color: #000000;\"><\/span><\/p>\n<p style=\"text-align: center;\"><span style=\"color: #00ff00;\"><em>Wir f\u00fchlen uns wohl in der Gemeinschaft, helfen uns gegenseitig<\/em><\/span><\/p>\n<p style=\"text-align: center;\"><span style=\"color: #000000;\"><\/span><\/p>\n<p style=\"text-align: center;\"><span style=\"color: #3366ff;\"><em>und bem\u00fchen uns, mit unseren St\u00e4rken und Schw\u00e4chen umzugehen.<\/em><\/span><\/p>\n<p style=\"text-align: center;\"><span style=\"color: #000000;\"><\/span><\/p>\n<p style=\"text-align: center;\"><span style=\"color: #cc99ff;\"><em>Wir \u00fcbernehmen Verantwortung f\u00fcr unser Tun, f\u00fcr andere,<\/em><\/span><\/p>\n<p style=\"text-align: center;\"><span style=\"color: #000000;\"><\/span><\/p>\n<p style=\"text-align: center;\"><span style=\"color: #993300;\"><em>unsere Sachen und unsere Umwelt.<\/em><\/span><\/p>\n<p style=\"text-align: center;\"><span style=\"color: #000000;\"><\/span><\/p>\n<p style=\"text-align: center;\"><span style=\"color: #008080;\"><em>Im vertrauensvollen Austausch unserer Anliegen bleiben wir im Gespr\u00e4ch.<\/em><\/span><\/p>\n<p><span style=\"color: #000000;\"><\/span><\/p>\n<div><img decoding=\"async\" class=\"aligncenter wp-image-725 size-full\" src=\"https:\/\/grundschule-warmbronn.de\/wp-content\/uploads\/2023\/10\/train_small_6wagons200pix.png\" alt=\"\" width=\"1732\" height=\"231\" srcset=\"https:\/\/grundschule-warmbronn.de\/wp-content\/uploads\/2023\/10\/train_small_6wagons200pix.png 1732w, https:\/\/grundschule-warmbronn.de\/wp-content\/uploads\/2023\/10\/train_small_6wagons200pix-300x40.png 300w, https:\/\/grundschule-warmbronn.de\/wp-content\/uploads\/2023\/10\/train_small_6wagons200pix-1024x137.png 1024w, https:\/\/grundschule-warmbronn.de\/wp-content\/uploads\/2023\/10\/train_small_6wagons200pix-768x102.png 768w, https:\/\/grundschule-warmbronn.de\/wp-content\/uploads\/2023\/10\/train_small_6wagons200pix-1536x205.png 1536w\" sizes=\"(max-width: 1732px) 100vw, 1732px\" \/><\/div>\n<div>\u00a0<\/div>\t\t\t\t\t\t\t\t<\/div>\n\t\t\t\t<\/div>\n\t\t\t\t\t<\/div>\n\t\t<\/div>\n\t\t\t\t\t<\/div>\n\t\t<\/section>\n\t\t\t\t<\/div>\n\t\t","protected":false},"excerpt":{"rendered":"<p>Schule \u2013 das hei\u00dft auch Gemeinschaft Um auszudr\u00fccken, was wir unter dieser gelebten Gemeinschaft verstehen, gab sich die Grundschule Warmbronn das Motto: Miteinander lernen und leben. Miteinander bedeutet f\u00fcr uns &hellip; <a href=\"https:\/\/grundschule-warmbronn.de\/?page_id=59\" class=\"more-link\"><span class=\"screen-reader-text\">Das Leitbild der Grundschule Warmbronn<\/span> weiterlesen<\/a><\/p>\n","protected":false},"author":3,"featured_media":0,"parent":22,"menu_order":0,"comment_status":"closed","ping_status":"closed","template":"","meta":{"footnotes":""},"class_list":["post-59","page","type-page","status-publish","hentry"],"_links":{"self":[{"href":"https:\/\/grundschule-warmbronn.de\/index.php?rest_route=\/wp\/v2\/pages\/59","targetHints":{"allow":["GET"]}}],"collection":[{"href":"https:\/\/grundschule-warmbronn.de\/index.php?rest_route=\/wp\/v2\/pages"}],"about":[{"href":"https:\/\/grundschule-warmbronn.de\/index.php?rest_route=\/wp\/v2\/types\/page"}],"author":[{"embeddable":true,"href":"https:\/\/grundschule-warmbronn.de\/index.php?rest_route=\/wp\/v2\/users\/3"}],"replies":[{"embeddable":true,"href":"https:\/\/grundschule-warmbronn.de\/index.php?rest_route=%2Fwp%2Fv2%2Fcomments&post=59"}],"version-history":[{"count":8,"href":"https:\/\/grundschule-warmbronn.de\/index.php?rest_route=\/wp\/v2\/pages\/59\/revisions"}],"predecessor-version":[{"id":729,"href":"https:\/\/grundschule-warmbronn.de\/index.php?rest_route=\/wp\/v2\/pages\/59\/revisions\/729"}],"up":[{"embeddable":true,"href":"https:\/\/grundschule-warmbronn.de\/index.php?rest_route=\/wp\/v2\/pages\/22"}],"wp:attachment":[{"href":"https:\/\/grundschule-warmbronn.de\/index.php?rest_route=%2Fwp%2Fv2%2Fmedia&parent=59"}],"curies":[{"name":"wp","href":"https:\/\/api.w.org\/{rel}","templated":true}]}}