{"id":641,"date":"2023-10-03T10:57:28","date_gmt":"2023-10-03T08:57:28","guid":{"rendered":"https:\/\/grundschule-warmbronn.de\/?page_id=641"},"modified":"2023-10-03T11:02:12","modified_gmt":"2023-10-03T09:02:12","slug":"schulanmeldung-fuer-neue-schueler-und-schuelerinnen-2","status":"publish","type":"page","link":"https:\/\/grundschule-warmbronn.de\/?page_id=641","title":{"rendered":"Schulanmeldung f\u00fcr neue Sch\u00fcler und Sch\u00fclerinnen"},"content":{"rendered":"\t\t<div data-elementor-type=\"wp-page\" data-elementor-id=\"641\" class=\"elementor elementor-641\">\n\t\t\t\t<div class=\"elementor-element elementor-element-00e7bfe e-flex e-con-boxed e-con e-parent\" data-id=\"00e7bfe\" data-element_type=\"container\" data-e-type=\"container\">\n\t\t\t\t\t<div class=\"e-con-inner\">\n\t\t\t\t<div class=\"elementor-element elementor-element-078cb3a elementor-widget elementor-widget-text-editor\" data-id=\"078cb3a\" data-element_type=\"widget\" data-e-type=\"widget\" data-widget_type=\"text-editor.default\">\n\t\t\t\t<div class=\"elementor-widget-container\">\n\t\t\t\t\t\t\t\t\t<div class=\"entry-content\"><div class=\"wp-block-image\"><figure class=\"alignright is-resized\"><p><img decoding=\"async\" class=\"alignright wp-image-215\" src=\"https:\/\/grundschule-warmbronn.de\/wp-content\/uploads\/2023\/06\/cropped-children-reading-gemeinsam_leben-300x206.png\" alt=\"Illustration von turnenden Kindern und dem Spruch Gemeinsam leben, lernen, gro\u00df werden.\" width=\"164\" height=\"113\" srcset=\"https:\/\/grundschule-warmbronn.de\/wp-content\/uploads\/2023\/06\/cropped-children-reading-gemeinsam_leben-300x206.png 300w, https:\/\/grundschule-warmbronn.de\/wp-content\/uploads\/2023\/06\/cropped-children-reading-gemeinsam_leben-1024x704.png 1024w, https:\/\/grundschule-warmbronn.de\/wp-content\/uploads\/2023\/06\/cropped-children-reading-gemeinsam_leben-768x528.png 768w, https:\/\/grundschule-warmbronn.de\/wp-content\/uploads\/2023\/06\/cropped-children-reading-gemeinsam_leben-1536x1056.png 1536w, https:\/\/grundschule-warmbronn.de\/wp-content\/uploads\/2023\/06\/cropped-children-reading-gemeinsam_leben.png 1920w\" sizes=\"(max-width: 164px) 100vw, 164px\" \/><\/p><\/figure><\/div><p><span style=\"color: #000000;\"><em>Jedes Jahr d\u00fcrfen wir neue Sch\u00fcler und Sch\u00fclerinnen an unserer Schule begr\u00fc\u00dfen. Der Weg dahin beginnt mit der formalen Anmeldung an unserer Schule.\u00a0<\/em><\/span><\/p><p><span style=\"color: #000000;\"><em>Der folgende Link f\u00fchrt Sie zum Online-Anmeldeformular der Stadt Leonberg. Er ist g\u00fcltig f\u00fcr die Anmeldugn der neuen Erstkl\u00e4ssler, aber auch f\u00fcr alle Sch\u00fcler und Sch\u00fclerinnen, die unter dem Schuljahr an unsere Schule kommen wollen.<\/em><\/span><\/p><p><span style=\"color: #000000;\"><em>Automatisch werden Ihre Angaben an das Schulsekretariat weitergeleitet und wir werden Kontakt mit Ihnen aufnehmen.<\/em><\/span><\/p><p><span style=\"color: #000000;\"><em>Herzlich Willkommen!<\/em><\/span><\/p><p><span style=\"color: #000000;\"><strong><em>Hier gehts zur Schulanmeldung:<\/em><\/strong><\/span><\/p><div class=\"wp-block-image\"><figure class=\"aligncenter is-resized\"><a href=\"https:\/\/formulare.virtuelles-rathaus.de:443\/metaform\/Form-Solutions\/sid\/assistant\/6374c1e457fb9215041a8d24\"><img fetchpriority=\"high\" decoding=\"async\" class=\"alignnone wp-image-645 size-medium\" src=\"https:\/\/grundschule-warmbronn.de\/wp-content\/uploads\/2023\/10\/school-7355058_1280-300x200.jpg\" alt=\"Illustration Sch\u00fcler und Sch\u00fclerin. Im Hindergrund mit div. Schulutensilien\" width=\"300\" height=\"200\" srcset=\"https:\/\/grundschule-warmbronn.de\/wp-content\/uploads\/2023\/10\/school-7355058_1280-300x200.jpg 300w, https:\/\/grundschule-warmbronn.de\/wp-content\/uploads\/2023\/10\/school-7355058_1280-1024x682.jpg 1024w, https:\/\/grundschule-warmbronn.de\/wp-content\/uploads\/2023\/10\/school-7355058_1280-768x512.jpg 768w, https:\/\/grundschule-warmbronn.de\/wp-content\/uploads\/2023\/10\/school-7355058_1280.jpg 1280w\" sizes=\"(max-width: 300px) 100vw, 300px\" \/><\/a><\/figure><\/div><div class=\"wp-block-image\">\u00a0<\/div><\/div>\t\t\t\t\t\t\t\t<\/div>\n\t\t\t\t<\/div>\n\t\t\t\t\t<\/div>\n\t\t\t\t<\/div>\n\t\t\t\t<\/div>\n\t\t","protected":false},"excerpt":{"rendered":"<p>Jedes Jahr d\u00fcrfen wir neue Sch\u00fcler und Sch\u00fclerinnen an unserer Schule begr\u00fc\u00dfen. Der Weg dahin beginnt mit der formalen Anmeldung an unserer Schule.\u00a0 Der folgende Link f\u00fchrt Sie zum Online-Anmeldeformular &hellip; <a href=\"https:\/\/grundschule-warmbronn.de\/?page_id=641\" class=\"more-link\"><span class=\"screen-reader-text\">Schulanmeldung f\u00fcr neue Sch\u00fcler und Sch\u00fclerinnen<\/span> weiterlesen<\/a><\/p>\n","protected":false},"author":3,"featured_media":0,"parent":0,"menu_order":0,"comment_status":"closed","ping_status":"closed","template":"","meta":{"footnotes":""},"class_list":["post-641","page","type-page","status-publish","hentry"],"_links":{"self":[{"href":"https:\/\/grundschule-warmbronn.de\/index.php?rest_route=\/wp\/v2\/pages\/641","targetHints":{"allow":["GET"]}}],"collection":[{"href":"https:\/\/grundschule-warmbronn.de\/index.php?rest_route=\/wp\/v2\/pages"}],"about":[{"href":"https:\/\/grundschule-warmbronn.de\/index.php?rest_route=\/wp\/v2\/types\/page"}],"author":[{"embeddable":true,"href":"https:\/\/grundschule-warmbronn.de\/index.php?rest_route=\/wp\/v2\/users\/3"}],"replies":[{"embeddable":true,"href":"https:\/\/grundschule-warmbronn.de\/index.php?rest_route=%2Fwp%2Fv2%2Fcomments&post=641"}],"version-history":[{"count":2,"href":"https:\/\/grundschule-warmbronn.de\/index.php?rest_route=\/wp\/v2\/pages\/641\/revisions"}],"predecessor-version":[{"id":648,"href":"https:\/\/grundschule-warmbronn.de\/index.php?rest_route=\/wp\/v2\/pages\/641\/revisions\/648"}],"wp:attachment":[{"href":"https:\/\/grundschule-warmbronn.de\/index.php?rest_route=%2Fwp%2Fv2%2Fmedia&parent=641"}],"curies":[{"name":"wp","href":"https:\/\/api.w.org\/{rel}","templated":true}]}}