{"id":81,"date":"2023-04-12T13:36:08","date_gmt":"2023-04-12T11:36:08","guid":{"rendered":"https:\/\/grundschule-warmbronn.de\/?page_id=81"},"modified":"2025-09-25T17:20:15","modified_gmt":"2025-09-25T15:20:15","slug":"das-entschuldigungsverfahren","status":"publish","type":"page","link":"https:\/\/grundschule-warmbronn.de\/?page_id=81","title":{"rendered":"Das Entschuldigungsverfahren"},"content":{"rendered":"\t\t<div data-elementor-type=\"wp-page\" data-elementor-id=\"81\" class=\"elementor elementor-81\">\n\t\t\t\t<div class=\"elementor-element elementor-element-18fcaee1 e-flex e-con-boxed e-con e-parent\" data-id=\"18fcaee1\" data-element_type=\"container\" data-e-type=\"container\">\n\t\t\t\t\t<div class=\"e-con-inner\">\n\t\t\t\t<div class=\"elementor-element elementor-element-181a6d7a elementor-widget elementor-widget-text-editor\" data-id=\"181a6d7a\" data-element_type=\"widget\" data-e-type=\"widget\" data-widget_type=\"text-editor.default\">\n\t\t\t\t<div class=\"elementor-widget-container\">\n\t\t\t\t\t\t\t\t\t<p><img decoding=\"async\" class=\"wp-image-743 aligncenter\" src=\"https:\/\/grundschule-warmbronn.de\/wp-content\/uploads\/2023\/10\/cold-156666_1280-278x300.png\" alt=\"Illustration eines Smileys mit einem Taschentuch\" width=\"142\" height=\"154\" srcset=\"https:\/\/grundschule-warmbronn.de\/wp-content\/uploads\/2023\/10\/cold-156666_1280-278x300.png 278w, https:\/\/grundschule-warmbronn.de\/wp-content\/uploads\/2023\/10\/cold-156666_1280-948x1024.png 948w, https:\/\/grundschule-warmbronn.de\/wp-content\/uploads\/2023\/10\/cold-156666_1280-768x830.png 768w, https:\/\/grundschule-warmbronn.de\/wp-content\/uploads\/2023\/10\/cold-156666_1280.png 1185w\" sizes=\"(max-width: 142px) 100vw, 142px\" \/><\/p>\n\n<p><span style=\"color: #000000;\">Sollte Ihr Kind erkrankt sein und nicht am Unterricht teilnehmen k\u00f6nnen, bitten wir Sie um eine schnellstm\u00f6gliche Benachrichtigung der Schule <span style=\"color: #ff6600;\"><strong>vor<\/strong><\/span> Unterrichtsbeginn, damit die Schule ihrer Aufsichtspflicht l\u00fcckenlos nachkommen kann.<\/span><\/p>\n<p><span style=\"color: #000000;\"><\/span><\/p>\n<p><span style=\"color: #000000;\">Das Abmelden Ihres Kindes kann auf unterschiedlichem Weg erfolgen:<\/span><\/p>\n<p><span style=\"color: #000000;\"><\/span><\/p>\n<ul class=\"wp-block-list\">\n<li><span style=\"color: #000000;\">Entweder k\u00f6nnen Sie ihr Kind <strong>telefonisch unter der Telefonnummer des <a href=\"https:\/\/grundschule-warmbronn.de\/?page_id=116\">Schulsekretariats<\/a><\/strong><span style=\"color: #ff6600;\"> <strong>bis sp\u00e4testens 7.30 Uhr<\/strong><\/span> entschuldigen. Beachten Sie dabei, dass das Sekretariat um diese Uhrzeit nicht besetzt ist! Hinterlassen sie Ihre Nachricht bitte unbedingt auf dem Anrufbeantworter, er wird auf jeden Fall vor Unterrichtsbeginn abgeh\u00f6rt.<\/span><\/li>\n<\/ul>\n<p><span style=\"color: #000000;\"><\/span><\/p>\n<ul class=\"wp-block-list\">\n<li><span style=\"color: #000000;\">Alternativ k\u00f6nnen Sie eine <strong>E-Mail<\/strong> an die Schule unter <a href=\"mailto:kontakt@grundschule-warmbronn.de\" data-wplink-edit=\"true\">information@grundschule-warmbronn.de<\/a> schreiben. <span style=\"color: #333399;\"><em><strong><br \/>Nutzen Sie hierzu bitte ausschlie\u00dflich diese Adresse!<\/strong><\/em><\/span><\/span><\/li>\n<\/ul>\n<p><span style=\"color: #000000;\"><\/span><\/p>\n<p><span style=\"color: #000000;\">Sollte Ihr Kind unerwarteterweise mehr als einen Tag dem Unterricht fernbleiben, so informieren Sie bitte unbedingt erneut auf einem der beiden Wege die Schule, damit der Verbleib Ihres Kindes eindeutig bekannt ist.<\/span><\/p>\n<p><span style=\"color: #000000;\"><\/span><\/p>\n<p><span style=\"color: #000000;\"><em>Bedenken Sie insgesamt:<\/em><\/span><\/p>\n<p><span style=\"color: #000000;\"><\/span><\/p>\n<p><span style=\"color: #000000;\"><em>Ein Nachforschen nach dem Verbleib eines nicht abgemeldeten Kindes durch den gerade unterrichtenden Lehrer ist aus schulorganisatorischen Gr\u00fcnden nur unter erschwerten Umst\u00e4nden zu leisten und geht immer auf Kosten der Unterrichts- und Betreuungszeit f\u00fcr die restliche Klasse. <\/em><\/span><\/p>\n<p><strong><span style=\"color: #000000;\">Im Namen aller Kinder: Vielen Dank f\u00fcr Ihr Verst\u00e4ndnis!<\/span><\/strong><\/p>\n\t\t\t\t\t\t\t\t<\/div>\n\t\t\t\t<\/div>\n\t\t\t\t\t<\/div>\n\t\t\t\t<\/div>\n\t\t\t\t<\/div>\n\t\t","protected":false},"excerpt":{"rendered":"<p>Sollte Ihr Kind erkrankt sein und nicht am Unterricht teilnehmen k\u00f6nnen, bitten wir Sie um eine schnellstm\u00f6gliche Benachrichtigung der Schule vor Unterrichtsbeginn, damit die Schule ihrer Aufsichtspflicht l\u00fcckenlos nachkommen kann. &hellip; <a href=\"https:\/\/grundschule-warmbronn.de\/?page_id=81\" class=\"more-link\"><span class=\"screen-reader-text\">Das Entschuldigungsverfahren<\/span> weiterlesen<\/a><\/p>\n","protected":false},"author":3,"featured_media":0,"parent":0,"menu_order":0,"comment_status":"closed","ping_status":"closed","template":"","meta":{"footnotes":""},"class_list":["post-81","page","type-page","status-publish","hentry"],"_links":{"self":[{"href":"https:\/\/grundschule-warmbronn.de\/index.php?rest_route=\/wp\/v2\/pages\/81","targetHints":{"allow":["GET"]}}],"collection":[{"href":"https:\/\/grundschule-warmbronn.de\/index.php?rest_route=\/wp\/v2\/pages"}],"about":[{"href":"https:\/\/grundschule-warmbronn.de\/index.php?rest_route=\/wp\/v2\/types\/page"}],"author":[{"embeddable":true,"href":"https:\/\/grundschule-warmbronn.de\/index.php?rest_route=\/wp\/v2\/users\/3"}],"replies":[{"embeddable":true,"href":"https:\/\/grundschule-warmbronn.de\/index.php?rest_route=%2Fwp%2Fv2%2Fcomments&post=81"}],"version-history":[{"count":7,"href":"https:\/\/grundschule-warmbronn.de\/index.php?rest_route=\/wp\/v2\/pages\/81\/revisions"}],"predecessor-version":[{"id":1042,"href":"https:\/\/grundschule-warmbronn.de\/index.php?rest_route=\/wp\/v2\/pages\/81\/revisions\/1042"}],"wp:attachment":[{"href":"https:\/\/grundschule-warmbronn.de\/index.php?rest_route=%2Fwp%2Fv2%2Fmedia&parent=81"}],"curies":[{"name":"wp","href":"https:\/\/api.w.org\/{rel}","templated":true}]}}