{"id":83,"date":"2023-04-12T13:38:19","date_gmt":"2023-04-12T11:38:19","guid":{"rendered":"https:\/\/grundschule-warmbronn.de\/?page_id=83"},"modified":"2026-01-15T17:29:30","modified_gmt":"2026-01-15T16:29:30","slug":"schulkindbetreuung-2","status":"publish","type":"page","link":"https:\/\/grundschule-warmbronn.de\/?page_id=83","title":{"rendered":"Schulkindbetreuung"},"content":{"rendered":"\t\t<div data-elementor-type=\"wp-page\" data-elementor-id=\"83\" class=\"elementor elementor-83\">\n\t\t\t\t\t\t<section class=\"elementor-section elementor-top-section elementor-element elementor-element-445ffbea elementor-section-boxed elementor-section-height-default elementor-section-height-default\" data-id=\"445ffbea\" data-element_type=\"section\" data-e-type=\"section\">\n\t\t\t\t\t\t<div class=\"elementor-container elementor-column-gap-default\">\n\t\t\t\t\t<div class=\"elementor-column elementor-col-100 elementor-top-column elementor-element elementor-element-3355441d\" data-id=\"3355441d\" data-element_type=\"column\" data-e-type=\"column\">\n\t\t\t<div class=\"elementor-widget-wrap elementor-element-populated\">\n\t\t\t\t\t\t<div class=\"elementor-element elementor-element-4aaba816 elementor-widget elementor-widget-text-editor\" data-id=\"4aaba816\" data-element_type=\"widget\" data-e-type=\"widget\" data-widget_type=\"text-editor.default\">\n\t\t\t\t<div class=\"elementor-widget-container\">\n\t\t\t\t\t\t\t\t\t<p><span style=\"color: #000000;\">An der Grundschule Warmbronn gibt es ein Betreuungskonzept mit unterschiedlichen Modellen.<\/span><\/p>\n<p><span style=\"color: #000000;\"><!-- \/wp:paragraph --><!-- wp:paragraph --><\/span><\/p>\n<p><span style=\"color: #000000;\">Der Grundtarif ist dem Organisationskonzept der verl\u00e4sslichen Grundschule angelehnt. Damit soll den Bed\u00fcrfnissen berufst\u00e4tiger Eltern in besonderer Weise entgegenkommen werden. Erg\u00e4nzend zu einem t\u00e4glich festen Unterrichtsblock, der die Versorgung der Sch\u00fclerinnen und Sch\u00fcler in einer Kernunterrichtszeit gew\u00e4hrleistet, wird vor und nach den stundenplanm\u00e4\u00dfigen Unterricht durch die Stadt Leonberg eine zus\u00e4tzliche Betreuung durch p\u00e4dagogische Fachkr\u00e4fte bis sp\u00e4testens 14.00 Uhr angeboten. Schulkindbetreuung ist offen f\u00fcr alle angemeldeten Schulkinder der Klassen 1 bis 4.<\/span><\/p>\n<p><span style=\"color: #000000;\"><!-- \/wp:paragraph --><!-- wp:paragraph --><\/span><\/p>\n<p><span style=\"color: #000000;\">Weitere Informationen zum Grundtarif finden Sie hier:<\/span><\/p>\n<p><span style=\"color: #000000;\"><!-- \/wp:paragraph --><!-- wp:image {\"align\":\"center\",\"width\":250,\"height\":187,\"linkDestination\":\"custom\"} --><\/span><\/p>\n<figure class=\"wp-block-image aligncenter is-resized\"><a href=\"https:\/\/grundschule-warmbronn.de\/wp-content\/uploads\/2026\/01\/Warmbronn-VGS.pdf\"><img decoding=\"async\" class=\"alignnone wp-image-748\" src=\"https:\/\/grundschule-warmbronn.de\/wp-content\/uploads\/2023\/10\/shutterstock_329754770___serialized1-300x225.png\" alt=\"\" width=\"230\" height=\"173\" srcset=\"https:\/\/grundschule-warmbronn.de\/wp-content\/uploads\/2023\/10\/shutterstock_329754770___serialized1-300x225.png 300w, https:\/\/grundschule-warmbronn.de\/wp-content\/uploads\/2023\/10\/shutterstock_329754770___serialized1-1024x768.png 1024w, https:\/\/grundschule-warmbronn.de\/wp-content\/uploads\/2023\/10\/shutterstock_329754770___serialized1-768x576.png 768w, https:\/\/grundschule-warmbronn.de\/wp-content\/uploads\/2023\/10\/shutterstock_329754770___serialized1-1536x1152.png 1536w, https:\/\/grundschule-warmbronn.de\/wp-content\/uploads\/2023\/10\/shutterstock_329754770___serialized1-2048x1536.png 2048w\" sizes=\"(max-width: 230px) 100vw, 230px\" \/><\/a><\/figure>\n<p><span style=\"color: #000000;\"><!-- \/wp:image --><!-- wp:paragraph --><\/span><\/p>\n<p><span style=\"color: #000000;\">Dar\u00fcber hinaus gibt es noch unterschiedliche Modelle mit l\u00e4ngeren Betreuungszeiten. Mehr \u00fcber diese Tarife finden Sie hier:<\/span><\/p>\n<p><\/p>\n<p><span style=\"color: #000000;\"><!-- \/wp:paragraph --><!-- wp:image {\"align\":\"center\",\"width\":251,\"height\":187,\"linkDestination\":\"custom\"} --><\/span><\/p>\n<figure class=\"wp-block-image aligncenter is-resized\" data-wp-editing=\"1\"><a href=\"https:\/\/grundschule-warmbronn.de\/wp-content\/uploads\/2026\/01\/Warmbronn-VGS-Flex-1-3.pdf\"><img decoding=\"async\" class=\"alignnone wp-image-749\" src=\"https:\/\/grundschule-warmbronn.de\/wp-content\/uploads\/2023\/10\/shutterstock_329754770___serialized2-300x225.png\" alt=\"\" width=\"230\" height=\"173\" srcset=\"https:\/\/grundschule-warmbronn.de\/wp-content\/uploads\/2023\/10\/shutterstock_329754770___serialized2-300x225.png 300w, https:\/\/grundschule-warmbronn.de\/wp-content\/uploads\/2023\/10\/shutterstock_329754770___serialized2-1024x768.png 1024w, https:\/\/grundschule-warmbronn.de\/wp-content\/uploads\/2023\/10\/shutterstock_329754770___serialized2-768x576.png 768w, https:\/\/grundschule-warmbronn.de\/wp-content\/uploads\/2023\/10\/shutterstock_329754770___serialized2-1536x1152.png 1536w, https:\/\/grundschule-warmbronn.de\/wp-content\/uploads\/2023\/10\/shutterstock_329754770___serialized2-2048x1536.png 2048w\" sizes=\"(max-width: 230px) 100vw, 230px\" \/><\/a><\/figure>\n<p><span style=\"color: #000000;\"><!-- \/wp:image --><!-- wp:paragraph --><\/span><\/p>\n<p><span style=\"color: #000000;\">F\u00fcr eine Anm<\/span><span style=\"color: #000000;\">eldung zur Schulkindbetreuung oder um weitere Fragen zu kl\u00e4ren, wenden Sie sich bitte an die Schulkindbetreuung unter<\/span><\/p>\n<p><span style=\"color: #000000;\"><!-- \/wp:paragraph --><!-- wp:paragraph --><\/span><\/p>\n<p><span style=\"color: #000000;\">07152 \/ 990-4715 oder Email: <a style=\"color: #000000;\" href=\"mailto:skb-war@leonberg.de\" target=\"_blank\" rel=\"noreferrer noopener\">skb-war@leonberg.de<\/a><\/span><\/p>\n<p><!-- \/wp:paragraph --><\/p>\t\t\t\t\t\t\t\t<\/div>\n\t\t\t\t<\/div>\n\t\t\t\t\t<\/div>\n\t\t<\/div>\n\t\t\t\t\t<\/div>\n\t\t<\/section>\n\t\t\t\t<\/div>\n\t\t","protected":false},"excerpt":{"rendered":"<p>An der Grundschule Warmbronn gibt es ein Betreuungskonzept mit unterschiedlichen Modellen. Der Grundtarif ist dem Organisationskonzept der verl\u00e4sslichen Grundschule angelehnt. Damit soll den Bed\u00fcrfnissen berufst\u00e4tiger Eltern in besonderer Weise entgegenkommen &hellip; <a href=\"https:\/\/grundschule-warmbronn.de\/?page_id=83\" class=\"more-link\"><span class=\"screen-reader-text\">Schulkindbetreuung<\/span> weiterlesen<\/a><\/p>\n","protected":false},"author":3,"featured_media":0,"parent":22,"menu_order":0,"comment_status":"closed","ping_status":"closed","template":"","meta":{"footnotes":""},"class_list":["post-83","page","type-page","status-publish","hentry"],"_links":{"self":[{"href":"https:\/\/grundschule-warmbronn.de\/index.php?rest_route=\/wp\/v2\/pages\/83","targetHints":{"allow":["GET"]}}],"collection":[{"href":"https:\/\/grundschule-warmbronn.de\/index.php?rest_route=\/wp\/v2\/pages"}],"about":[{"href":"https:\/\/grundschule-warmbronn.de\/index.php?rest_route=\/wp\/v2\/types\/page"}],"author":[{"embeddable":true,"href":"https:\/\/grundschule-warmbronn.de\/index.php?rest_route=\/wp\/v2\/users\/3"}],"replies":[{"embeddable":true,"href":"https:\/\/grundschule-warmbronn.de\/index.php?rest_route=%2Fwp%2Fv2%2Fcomments&post=83"}],"version-history":[{"count":13,"href":"https:\/\/grundschule-warmbronn.de\/index.php?rest_route=\/wp\/v2\/pages\/83\/revisions"}],"predecessor-version":[{"id":1102,"href":"https:\/\/grundschule-warmbronn.de\/index.php?rest_route=\/wp\/v2\/pages\/83\/revisions\/1102"}],"up":[{"embeddable":true,"href":"https:\/\/grundschule-warmbronn.de\/index.php?rest_route=\/wp\/v2\/pages\/22"}],"wp:attachment":[{"href":"https:\/\/grundschule-warmbronn.de\/index.php?rest_route=%2Fwp%2Fv2%2Fmedia&parent=83"}],"curies":[{"name":"wp","href":"https:\/\/api.w.org\/{rel}","templated":true}]}}